mon divisor of w and 1?
1
Let o be (-12)/24*(-8)/(-2). Let b be (5/5)/(o/(-10)). Calculate the highest common divisor of b and 55.
5
Let p = -155 - -254. What is the greatest common factor of 9 and p?
9
Let k be 0 + -3 + (-6)/(-1). Let w = k + -1. Let d be (-60)/(-9) + 4/(-6). What is the greatest common factor of d and w?
2
Let a = -11 + 5. Let j be 12/8*8/a. Let x be j - -2 - -2 - -3. What is the highest common divisor of 35 and x?
5
Suppose -7*p = -10*p + 9. Let x be -24*-1*p/6. Let b = 60 + -30. Calculate the greatest common divisor of b and x.
6
Let v = 9 - -115. Let j(c) = -c**3 + 6*c**2 + 5. Let u be j(6). Suppose -u*i + v = -176. Calculate the greatest common divisor of i and 10.
10
Suppose -53*d + 25 = -48*d. Calculate the highest common factor of d and 40.
5
Let r be 10/(-4)*(-5 - 11). What is the greatest common factor of 4 and r?
4
Suppose 761 = 4*k + x + 111, 4*x + 478 = 3*k. Let v be (-104)/(-6) - (-4)/6. Calculate the greatest common divisor of v and k.
18
Suppose 5*p + 4*y = 39, 4 + 23 = 4*p - y. Let l be (-10 - 4)*3/(-2). Calculate the greatest common divisor of l and p.
7
Let r be (-104)/(-6) - (21/9 + -3). What is the highest common factor of 27 and r?
9
Let w = -4 + 4. Suppose 2*c - c - 3*z - 57 = w, -116 = -3*c - 2*z. Calculate the greatest common divisor of 28 and c.
14
Let g = -64 - 68. Suppose -5*i = -3*i - 390. Let f = g + i. What is the highest common divisor of f and 7?
7
Let n(s) = s**3 + 2*s**2 + s + 9. Let u be n(0). What is the greatest common divisor of u and 9?
9
Let a = -13 + 17. Calculate the highest common factor of a and 12.
4
Let y be 31 + -5 + 0 + 2. Calculate the highest common divisor of y and 70.
14
Suppose 4*j + 2*l - 290 = 0, 55 = j + l - 4*l. Calculate the highest common factor of j and 14.
14
Let t(d) = 0*d + 7*d**2 - 11*d - 3*d**2 + d. Let v be t(7). What is the highest common factor of v and 14?
14
Let f be (-7384)/(-39) - 1/3. Calculate the highest common divisor of f and 21.
21
Let u(y) = -4*y - 4. Let z be u(-13). Suppose -r = 4*f - 24, 2*r - 39 = -2*f + 21. What is the highest common divisor of z and r?
16
Suppose 4*k - 72 = -0*k. Let x = 32 - 23. Calculate the greatest common factor of k and x.
9
Suppose 7 = -2*o + 13. Let a be ((-11)/(-3) - o)*18. What is the greatest common factor of a and 132?
12
Let g = 123 - 87. Calculate the greatest common factor of g and 36.
36
Let r = -25 - -10. Let b = r - -39. What is the greatest common divisor of b and 96?
24
Let f = -15 + 11. Let b(p) = 6*p - p**2 + 0 + 3*p**2 + 2. Let u be b(f). Calculate the greatest common divisor of u and 15.
5
Suppose 2*f + 12 = 5*f. What is the greatest common divisor of 12 and f?
4
Suppose 0 = -3*g - 4*u + 103, -u = -g + u + 31. Suppose -2*s = -7*s + 50. Let p = s + 1. What is the highest common factor of p and g?
11
Let i(f) = 19*f**3 - 1. Let w be i(1). Calculate the highest common factor of w and 45.
9
Let h = 4 + -2. Suppose 6 = h*p + p. Suppose z + p = 15. What is the greatest common factor of z and 143?
13
Let o be (0 + 0)*2/4. Let u(l) = -l**2 + l + 8. Let n be u(o). Suppose x - 88 = -0*x. What is the greatest common divisor of n and x?
8
Let r(a) = a**2 + 4*a + 6. Let b be r(-5). Calculate the greatest common divisor of b and 99.
11
Suppose -407 - 215 = -2*g. Let f = g - 203. Let w(z) = -12*z. Let a be w(-1). Calculate the greatest common factor of f and a.
12
Let r(y) = 3*y**2 - 9 + 0*y + 1 - 4*y. Let b be r(6). Suppose -x - 3*x = -3*l + b, -2*x + 46 = 2*l. What is the highest common factor of 6 and l?
6
Suppose -2*j + 5*j - 45 = 0. Suppose 5*c = -4*q - 13, -5*q + 5 + 0 = 2*c. Calculate the highest common factor of j and q.
3
Suppose 4*h = 2*j - 68, 5*h + 59 = 3*j - 39. Calculate the highest common factor of j and 104.
26
Suppose -4*y + y - 9 = 0. Let i be y - -4 - 55*-1. What is the greatest common factor of 7 and i?
7
Let b be (12/10)/((-3)/(-30)). Let y = 0 + 7. Let c = b - y. What is the highest common factor of 35 and c?
5
Let t be 4*((1 - 3) + 3). Calculate the greatest common factor of t and 1.
1
Let b(a) = a. Let c(k) = 3*k. Let m(f) = 4*b(f) + c(f). Let t be m(1). What is the highest common divisor of t and 7?
7
Let m(i) = 4*i - 1. Let h be m(1). Suppose -v + 24 = 2*d - 2*v, 3*v - 27 = -h*d. Calculate the greatest common divisor of d and 55.
11
Let s = -3 + 9. Let j(h) = -h**2 + h - 84. Let x be j(0). Let c = x - -138. What is the highest common factor of s and c?
6
Let q(g) = -15*g + 21. Let c be q(-7). What is the greatest common factor of 84 and c?
42
Let j(x) = -7*x - 17. Let c be j(-11). What is the greatest common divisor of c and 10?
10
Suppose 5*v - 33 + 13 = 0. Let x be 9 + -4 + -3 + v. What is the greatest common factor of x and 12?
6
Suppose 0 = 4*g - 2*a - 3*a - 520, 2*a = -g + 143. Calculate the greatest common factor of 15 and g.
15
Let d be ((-1)/2)/(20/(-120)). Calculate the greatest common divisor of 33 and d.
3
Suppose -5*f + 4 = -f. Suppose 4*t - f = 3*t. Calculate the highest common factor of 5 and t.
1
Let u(b) = -4 + 2*b**2 - b**2 + 2*b + 1. Let d be u(2). Suppose 3*g - g - 32 = d*n, -5*g - 3*n = -111. What is the greatest common factor of g and 14?
7
Suppose -5*v + 140 = j, -3*v + 82 = 2*j - j. Calculate the greatest common factor of v and 29.
29
Let p(w) = -w**2 + 3*w + 4. Let a be p(3). Let c(y) = y**2 + 14*y - 16. Let k be c(-16). What is the greatest common divisor of k and a?
4
Let w(o) = o**2 + 8*o - 10. Let p be w(-9). Let d = 11 + p. Suppose 5*h = k + 5, 2*h + 24 = -4*k + 70. Calculate the greatest common factor of d and k.
10
Suppose 652 = 3*r - r. Let b be 4/(-14) + r/14. Calculate the highest common divisor of b and 69.
23
Let p be ((-126)/12)/(1/(-2)). Calculate the greatest common divisor of p and 3.
3
Let d(k) = k**2 + 3*k - 2. Let n be d(-4). Let h be (18/(-4))/(-3)*n. What is the greatest common divisor of h and 2?
1
Suppose 3*m + 10 = 5*k, -6*m - 4 = -2*k - 3*m. What is the highest common divisor of 22 and k?
2
Let p be (-124)/(-30) + (-40)/300. What is the greatest common factor of p and 32?
4
Let l be (-2)/4 + (-1)/(-2). Suppose -t + 8 = -l*t. What is the greatest common factor of 72 and t?
8
Let g be 1 + (23 - (2 - 0)) + 4. What is the highest common divisor of 91 and g?
13
Let a be 33/12 - 2/(-8). Let y be (-1)/(-3) + 377/3. Suppose -d - 4*b + y = 0, 0*d = -d + a*b + 98. Calculate the greatest common factor of d and 22.
22
Let j = 13 + -3. Let g be (-2)/j - (-484)/20. Calculate the greatest common divisor of g and 48.
24
Suppose 10 = x + 4*o - 15, 3*x - 62 = o. Let f be x - (-5)/((-5)/(-3)). Calculate the highest common factor of 48 and f.
24
Suppose 94 = 2*o - 4*d, 3*o + 64 = 3*d + 193. Calculate the highest common divisor of o and 13.
13
Let p(c) = c**2 + c - 2. Suppose 3*j = 5*g - 3*g + 13, -3*j - 43 = 5*g. Let z be p(g). Calculate the greatest common divisor of 36 and z.
18
Let y = -27 + 30. Calculate the greatest common factor of y and 15.
3
Let n(d) = d**2 - 10*d - 4. Let t be n(10). Let x = t + 10. What is the highest common factor of x and 66?
6
Let v be 2*1/((-6)/(-273)). What is the highest common divisor of v and 13?
13
Suppose -5*d - 3*r + 23 = 0, 0*d - d = -4*r. Let t = -13 - -15. Suppose t*x - 6 = 0, -q - q - 4*x = -24. Calculate the highest common factor of q and d.
2
Let t(w) = 8*w - 3. Let g be t(2). Let d = -98 + 202. Calculate the greatest common divisor of g and d.
13
Suppose -4*c + 145 = -55. What is the greatest common divisor of c and 75?
25
Suppose -3*x = -5*x - 18. Let r be 30*((-51)/x + 1). Suppose r = 3*s + s. Calculate the greatest common divisor of s and 10.
10
Let t = 358 - 243. What is the greatest common divisor of 46 and t?
23
Let x be (-5720)/(-12)*(-18)/(-15). Suppose 110 = -2*b + x. What is the greatest common divisor of 21 and b?
21
Suppose 5*g - 30 = 50. Calculate the greatest common factor of g and 64.
16
Suppose -q - 345 = -6*q. Suppose j + 2*j = -3, 5*l = 4*j + q. Suppose 3*k = 131 + 298. Calculate the greatest common divisor of k and l.
13
Suppose 5*w - 671 = 2*f, 5*w - 230 = 4*f + 1087. Let a be (f + -1)*(-2)/4. Calculate the highest common factor of 18 and a.
18
Suppose 0 = 3*t - t - 14. Suppose 0*c = c - 78. Let x = c + -43. What is the greatest common factor of t and x?
7
Let j(g) = g**3 - 5*g**2 + 2*g + 5. Le